 is divided by 9?
7
Let x(u) = -u**3 + 5*u**2 + 2. Let c be x(5). Calculate the remainder when (4*-1)/(-1) + -2 is divided by ((3 - c) + 0)/1.
0
Let k(r) = -r**2 + 5*r - 2. Let o be k(4). Suppose -2*g + o = -2. Suppose -4*n = -4*v - g*n + 28, 0 = -v + 4*n. Calculate the remainder when 23 is divided by v.
7
Let y = 3 + 2. Calculate the remainder when 11 is divided by y.
1
Let f(h) = -2*h - 7. Let g be 8/36 - 130/18. What is the remainder when 13 is divided by f(g)?
6
Suppose -t + 3*t - 20 = 0. What is the remainder when t is divided by 8/(-3)*(-6)/4?
2
Suppose -6*r + 100 = -2*r. Let l(b) = 8*b**2 + 1. What is the remainder when r is divided by l(1)?
7
Let c = 67 + -40. Calculate the remainder when c is divided by 15.
12
Calculate the remainder when (-2)/(-1) - (-12 - (-25)/5) is divided by 4.
1
What is the remainder when (-405)/(-12) + (-6)/8 is divided by 12?
9
Let y = 88 + -60. Suppose -3*u + 9 + 12 = -3*w, -3*u + 15 = -5*w. Calculate the remainder when y is divided by u.
8
Let k = -109 + 140. What is the remainder when 216 is divided by k?
30
Let n = 4 - 1. Let q(b) = -10*b**2 + 5*b + 6*b - b**n - 6 + 2*b**3. What is the remainder when 22 is divided by q(9)?
10
Let u(d) = -d**2 - 6*d + 14. Let r be u(-6). Suppose 32 = 3*g + 4*w - r, 5*w + 47 = g. Calculate the remainder when 40 is divided by g.
18
Let n(c) = -4*c + 7. Suppose 0 = -m - m + 16. Calculate the remainder when n(-6) is divided by m.
7
What is the remainder when 81 is divided by (5/(-10))/((-1)/42)?
18
Let o(p) = 6 - p - 5 + 2*p. Let q be o(5). Suppose -115 = -q*n + n. Calculate the remainder when 67 is divided by n.
21
Let i(z) = 2*z + 2. Let w be i(-2). Let a = 8 + w. What is the remainder when 9 is divided by a?
3
Suppose -4*s - q + 3*q = -36, 5*s - 3*q - 44 = 0. Calculate the remainder when (-12)/5*(-1 - 9) is divided by 126/s - (-12)/30.
11
Calculate the remainder when 31/2 - (-4 - (-5)/2) is divided by 10.
7
Suppose 5*w - 5 = 5. Let z(v) = 2 - w + 2*v**2 + 4 - 7*v. What is the remainder when z(4) is divided by 5?
3
Suppose 2*u - 4 - 100 = 0. Suppose 0 = -4*o - 8 + u. What is the remainder when 41 is divided by o?
8
Let a(b) be the second derivative of -3*b**5/20 - b**4/6 - b**3/3 - b**2/2 + b. Calculate the remainder when a(-2) is divided by (-24)/(-16)*20/3.
9
Suppose -4*a = -m - 3, 2*a + 5*m - 35 = -6. Calculate the remainder when 1075/35 - a/(-7) is divided by 11.
9
Suppose -4*y = -y - 141. What is the remainder when y is divided by 12?
11
Suppose 3*c = 60 - 9. Suppose p - 2*p = 0. What is the remainder when c is divided by (4 + -1)*(3 + p)?
8
Calculate the remainder when 131 is divided by 35 - (27/12 - 4/16).
32
Suppose 0 = -n + 3*n + 72. Let y = -126 - -72. Let w = n - y. Calculate the remainder when 35 is divided by w.
17
Let r = -5 - -1. Calculate the remainder when 4/r*-1*34 is divided by (-98)/(-8) + (-1)/4.
10
Suppose -9 = -3*a + 3. Suppose -q - 3 = 4*p, -2*p + a*p = -4. Suppose -4 = 2*f, -q*i = -0*i - 2*f - 164. Calculate the remainder when i is divided by 11.
10
Let f(j) = j**2 + j - 3. Let l be 2/3 + (-20)/3. Let p = l - -3. Calculate the remainder when 6 is divided by f(p).
0
What is the remainder when 94/(-4 - -2)*-2 is divided by 19?
18
Suppose 2*v = -2*p + 128, -26 = -p + 2*v + 29. What is the remainder when p is divided by 31?
30
Let d(r) = 8*r**2 - 16*r. What is the remainder when d(-4) is divided by 39?
36
Suppose -2*i - 123 = -4*v - 27, 5*v - 5*i = 120. What is the remainder when v is divided by 9?
6
Let r(v) be the first derivative of v**2/2 + 13*v - 2. Let b(i) = -4*i - 1. What is the remainder when r(-9) is divided by b(-1)?
1
Let p(w) = w**2 - 6*w + 5. What is the remainder when p(8) is divided by 6?
3
Let z(w) = -w**2 + 8*w - 9. Let i be z(4). Suppose 16 = 2*f - 28. What is the remainder when f is divided by (4/(-6))/(i/(-63))?
4
Suppose -3*a - 4 = -3*y + 35, 5*y + 3*a = 25. Let q = 20 - y. What is the remainder when q is divided by 3?
0
Let r = -8 - -15. Calculate the remainder when 20 is divided by (-45 - -1)*r/(-28).
9
Suppose -y - 108 = -2*y. What is the remainder when y is divided by 22?
20
Let x = -49 - -83. What is the remainder when x is divided by 9?
7
Let o(i) = -3*i - 22. Suppose 3*g + t = -g - 10, 5*t = -5*g - 5. Let w(y) = y**2 - 1. What is the remainder when w(g) is divided by o(-9)?
3
Suppose -4*j + 72 = 2*s + 2*s, 68 = 4*j + 2*s. Suppose 5*y = -5*h + 90, y + 2*h - j = 6. What is the remainder when 41 is divided by y?
13
Let q(s) = s**3 + 9*s**2 + 7*s + 6. What is the remainder when q(-7) is divided by 14?
13
Let p = 59 + -26. What is the remainder when p is divided by 23?
10
Suppose -3*u = -4*z + 1, -2*u + 3*z + 3 - 2 = 0. Let m(b) = -b + 5. What is the remainder when m(u) is divided by 7?
5
Suppose -6 = -2*z - z. Suppose -z*m + 7 = -9. Let v(s) = -s**3 - 2*s**2 - 2*s - 1. Calculate the remainder when m is divided by v(-2).
2
Suppose 5*k - 41 = 9. Let l(f) = f**3 - 7*f**2 + 2*f - 8. What is the remainder when k is divided by l(7)?
4
Suppose -5*i + 78 = g - 8, 4*i - 3*g = 65. Suppose -3*t + i + 22 = 0. What is the remainder when (1/(-2))/((-2)/96) is divided by t?
11
Let w(y) = -y**2. Let a be w(-3). Let l = a - -17. Let m = l - 1. What is the remainder when m is divided by 3?
1
Let s be (-489)/(-9) - 2/6. Let g = -4 + s. What is the remainder when g is divided by 26?
24
Suppose 144 = 3*z - 4*x, 6*z + 4*x = 2*z + 220. What is the remainder when z is divided by 19?
14
Suppose -4*k + u + 0*u = -5, 2*u - 6 = 0. Suppose -k*g = -18 - 2. What is the remainder when 28 is divided by g?
8
Let r = -48 + 62. What is the remainder when 31 is divided by r?
3
What is the remainder when (-11 - -107) + 1*-1 is divided by 24?
23
Let d = 2 - -3. Let b = -9 + 22. Calculate the remainder when b is divided by d.
3
Suppose -5*k = -5*v + 295, -2*k - 3*k + 132 = 2*v. Calculate the remainder when v is divided by 16.
13
Suppose 6*g - 9 = 3*g, -645 = -3*m + 3*g. What is the remainder when m is divided by 22?
20
Suppose -2*t + 14 = -5*x + 60, 2*t - 4*x = -44. Let d = -7 - t. Calculate the remainder when 32 is divided by d.
10
Suppose 0 = -w - 0*w + 6. Suppose a + 2 = w. Suppose 0*g + g = -a*s + 10, -5*g = -4*s - 2. What is the remainder when 7 is divided by g?
1
Suppose -5*x - 5 = 0, -b + x + 0*x + 118 = 0. Suppose -4*y + b = -27. What is the remainder when y is divided by 13?
10
Let l(f) = 2*f**2 - 4*f - 5. Let k be l(5). Suppose k = 5*w - 15. Calculate the remainder when 30 is divided by w.
6
Suppose 2*c + c = -27. Let i = c + 23. What is the remainder when 25 is divided by i?
11
What is the remainder when 36*-2*4/32*-2 is divided by 3?
0
Let m(w) = 4*w + 6. Let x(v) = v**2 + v - 1. Let l(z) = -m(z) + x(z). Calculate the remainder when 7 is divided by l(5).
1
Suppose -97 = -2*t + 2*b - 5, 4*b = -5*t + 203. Calculate the remainder when t is divided by 16.
11
Suppose 4*v - 2*y = -79 + 219, -4*y = -v + 49. What is the remainder when v is divided by 1*(7 + 0 + 2)?
6
What is the remainder when (-172)/(-6) - (0 + (-3)/9) is divided by 11?
7
Calculate the remainder when 2/11 + (-1920)/(-88) is divided by 8.
6
Suppose -g - 445 = 4*g. Let b = g + 64. Let a = b - -53. What is the remainder when a is divided by 15?
13
Let c(p) = -p**3 + 4*p**2 + p + 4. Let u = -30 - -21. What is the remainder when c(3) is divided by (u/4)/((-12)/32)?
4
Let s = -19 + 25. Calculate the remainder when 13 is divided by s.
1
Suppose -205 = -5*y - 15. Suppose 5*p = 198 - y. Calculate the remainder when p is divided by 7.
4
Let g(m) = m + 5. What is the remainder when 9 is divided by g(1)?
3
What is the remainder when 45 is divided by 790/65 + 2/(-13)?
9
Let z(m) be the first derivative of 4*m**3 - m**2/2 + m - 12. Let s(g) = g**2 - 2*g - 2. Let x be s(3). Calculate the remainder when 22 is divided by z(x).
10
Suppose -2*y = -4*y - 3*z + 23, z = -4*y + 41. What is the remainder when 49 is divided by y?
9
Suppose 3*h = 36 + 78. What is the remainder when h is divided by 13?
12
Let p(u) = 19*u**2 + u + 1. Let s be p(-2). Let g be (-1)/(s/39 - 2). Let a = -1 + g. What is the remainder when 22 is divided by a?
10
Let q(t) = -11*t + 1. Let s be q(-5). Calculate the remainder when s + (2 - -2) + 4 is divided by 17.
13
Suppose 0 = c + 5*q - 22, 5*c = 2*q + 2*q - 35. Suppose 2*y = -y - 3*m - 6, -14